 x(v).
-4
Suppose 2*f + 2 = 2*n, 0 = 4*f - n + 4*n - 10. Let x = 3 - -1. Let u(i) = -3*i**2 - i**2 + x*i + 1 - 5*i + 5*i**2. Calculate u(f).
1
Suppose 0 = 127*t - 151*t - 48. Let o(d) = 14*d**2 + 3*d + 6. Give o(t).
56
Let s(n) = -2*n**2 - 3*n + 3. Suppose -7*g + q + 31 = -3*g, 0 = g + 5*q - 34. Suppose -5*z - 12 = 4*f, 3*f - 3*z + g = -0. Give s(f).
-6
Let k(p) = 4*p**3 + 32*p**2 - 48*p - 102. Let o be k(-9). Let d(g) = 25*g - 136. Give d(o).
14
Let c(l) = l**2 - 7*l + 2. Let r(y) = 6*y**2 - 7*y + 10. Let w be r(2). Suppose 220*m = 224*m - w. Determine c(m).
-8
Let f be ((9 + -7)/(74 - 72))/(-1 + 2). Let z(i) = 2*i - 3*i + 0*i + i**2 + 2*i**2. Give z(f).
2
Let l(x) = 46*x**2 - 6*x - 5. Suppose 2307 = 18*d + 2325. What is l(d)?
47
Let c = 5 + -5. Let r(t) = -37*t**2 - 8*t + 33*t**2 + 8 + c + 0*t. Let s(w) = -7*w**2 - 15*w + 15. Let a(x) = 5*r(x) - 3*s(x). Calculate a(-5).
-5
Let s(q) = 8918*q**2 - 17825*q**2 + 2*q**3 + 8912*q**2 + 4*q. What is s(-2)?
-4
Suppose 1446 - 219 + 933 = 120*j. Let h(b) = -2*b**2 + 37*b - 24. Calculate h(j).
-6
Let f(y) = -y**2 - 21. Let t(h) = 3*h**2 - h + 53. Let p(g) = 5*f(g) + 2*t(g). Calculate p(-3).
16
Suppose 10 = -i + 13. Let t(r) = 5*r + r + i*r + 7 - 12*r. Let f be (-4794)/(-705) + (-18)/10. What is t(f)?
-8
Let j(k) = 588*k + 588*k + k**2 + 5 + 588*k - 2345*k + 595*k. Suppose 3*r + 6 + 43 = -4*z, 4*r = 4. Calculate j(z).
-8
Let a(s) = -4*s**2 + 7*s - 5. Let n(o) be the first derivative of -o**3 + 4*o**2 - 5*o + 2. Let k(p) = 2*a(p) - 3*n(p). Let q = -12265 - -12272. Give k(q).
-16
Let r(y) = -63*y + 1526. Let o(g) = -9*g + 218. Let p(u) = -22*o(u) + 3*r(u). What is p(24)?
-2
Let i(c) be the first derivative of -c**2/2 - 45*c + 376. What is i(-38)?
-7
Let z = 3131 - 3125. Let o(k) = -6 - 4*k**3 + 6*k - 5*k + 5*k**3 + 0 - 6*k**2. Calculate o(z).
0
Let y(j) = -j**2 + 8*j + 12. Let o(p) = 1892*p - 22709. Let x be o(12). What is y(x)?
-53
Let x = 7 - 7. Let f(n) be the second derivative of -n**5/20 - n**4/12 - n**3/6 + 9*n**2 - 149*n - 64. Determine f(x).
18
Let b(w) be the second derivative of 0 - 86*w - 1/3*w**3 - 3*w**2. Give b(-3).
0
Let s(c) = -4*c**3 - 2. Let l(n) = -46*n**3 + 10*n**2 + 4*n - 30. Let p(d) = l(d) - 12*s(d). What is p(-5)?
-26
Let t(w) = -1283*w**2 - 21*w - 1261*w**2 + 2543*w**2 - 85. What is t(-6)?
5
Let x(q) = -5*q + 39. Suppose 3 = 2*a - 2*m - 1, -4*a + 18 = -2*m. Let v be x(a). Let z(i) = 2*i**2 - 2*i - 1. What is z(v)?
23
Let b(x) = 62*x + 64. Let j be b(-1). Let m(k) = -k**3 - 175*k**2 - 8 + 54*k**j + 58*k**2 + 56*k**2 - k. What is m(-7)?
-1
Let x(m) = -m**2 - 3*m - 14. Let t(h) = -h**2 - 4*h - 15. Let i(d) = -2*t(d) + 3*x(d). Suppose 0 = -4*u + 5*u - 2. Suppose -u*s = 77 - 77. Determine i(s).
-12
Let n(h) = -h**2 - 14*h - 28. Let i = -859 - -861. Suppose 0*j = -3*j + 5*t - 33, -22 = i*j - 2*t. Give n(j).
5
Let l be 0 + 144/66 - 2/11. Let v(q) = 4 - 19*q - q**2 - 25 - 15 - l - q. What is v(-18)?
-2
Let a(m) = -m**3 - 8*m**2 - 47*m - 8. Let w(j) = -2*j**3 - 17*j**2 - 102*j - 16. Let h(r) = -13*a(r) + 6*w(r). Give h(0).
8
Let o = -215 - -229. Suppose o*x + 69 = -71. Let v(q) = -q**2 - 8*q + 13. Determine v(x).
-7
Let b(d) be the second derivative of d**5/20 - 5*d**4/3 + 3*d**3 + 19*d**2/2 - d. Suppose h - 34 = -5*u, -4*h + 836*u - 839*u + 85 = 0. Determine b(h).
0
Let v(q) = -2*q**3 - 22*q**2 + 28*q + 50. Let x be v(-12). Let g(b) = 79 - 77 + 7*b - 6*b - x*b. Determine g(6).
-4
Let b(j) = 866*j + 871. Let k be b(-1). Let g(y) = -y**3 + 7*y**2 - 10*y + 5. What is g(k)?
5
Let l(f) = f**2 - 6*f + 4. Let h be (-18139)/485*5/(-1). Suppose -h*p = -203*p + 80. Calculate l(p).
-1
Let y(f) = f - 3. Let h be y(7). Let p be (14/h - 4)*-6 - 3. Suppose n + 7 - 4 = p. Let o(u) = -u**3 - 3*u**2 - 3. Give o(n).
-3
Let i(c) be the first derivative of -c**3/3 - 13*c**2/2 + 12*c + 345. Let r(h) = 4*h - 1. Let p(n) = -i(n) - 2*r(n). Let g = -1 - 6. What is p(g)?
4
Let z(f) be the third derivative of f**5/60 + f**4/3 + 2*f**3 - f**2 + 55*f. Let l = 21 + -27. Give z(l).
0
Let c(d) = -164*d**2 - 158*d - 17. Let g(w) = 103*w**2 + 105*w + 12. Let l(u) = 5*c(u) + 8*g(u). Give l(-13).
37
Let r be 192/56*(-14)/(-4). Let y(p) = -87 + 78 - r*p - 8*p**2 - p**3 + 21*p. Give y(-9).
-9
Let f(u) be the third derivative of -u**4/12 - 7*u**3/6 - 2*u**2. Let x(o) = -o**2 + 26*o + 500. Let t be x(-13). Determine f(t).
7
Let m = -20085 + 20092. Let c(y) = -y**3 + 4*y**2 + 24*y - 25. Determine c(m).
-4
Let c be -2 - 0*10/140. Let b(u) = 6*u**2 + 11*u + 20. Determine b(c).
22
Let q(c) = c**3 - 7*c**2 + 23*c + 3. Let x be q(3). Let r(u) = -2*u + x - 93 + 43. Calculate r(-7).
0
Let l(u) = -u**2 - 10*u - 5. Let i be ((-15)/(-3) + -6)*(-1 - -1). Let p = 20 + i. Let o = 14 - p. Calculate l(o).
19
Let h(g) = -26*g**3 + 9*g**2 - 25*g - 133. Let c(q) = -18*q**3 + 7*q**2 - 17*q - 89. Let k(n) = -10*c(n) + 7*h(n). Determine k(-4).
-5
Let u(p) = p - 3. Let d be (156/(-30))/((-3)/(-15)) + -4. Let a = 36 + d. Let x be (-1)/((a/3)/((-6)/(-1))). Calculate u(x).
-6
Let d(m) be the second derivative of 4*m**3/3 - 77*m**2/2 - m - 96. What is d(10)?
3
Let o(v) be the second derivative of -v**5/20 + v**4 - 5*v**3 - 5*v**2 - 134*v - 16. Determine o(6).
26
Let z(k) = 5*k + 159. Let h be z(-32). Let t(b) be the second derivative of -5*b**4/3 + b**3/3 + b**2/2 + 25*b - 13. Calculate t(h).
-21
Let j(g) = -3*g - 4. Let f(t) be the second derivative of t**4/4 - 5*t**3/6 + t**2 - 2*t + 19. Let m be f(2). Calculate j(m).
-16
Let s(b) = -7*b + 51. Let n be s(6). Let g(d) = -8*d + 66. What is g(n)?
-6
Let t be ((624/(-36))/(-13))/(0 - (-2)/6). Let s(f) = f**2 - 7*f + 11. What is s(t)?
-1
Let o(l) = -3*l + 2. Let s = 17 - 17. Let q be o(s). Let y(m) = -3*m - q*m**2 + 900 - 900. Calculate y(-2).
-2
Let h(q) = 4*q**2 + 31*q + 5. Let c = 5758 + -5766. What is h(c)?
13
Let c(x) be the first derivative of 27 + 0*x**2 - 1/24*x**4 - 31/3*x**3 + 0*x + 7/120*x**5 - 1/360*x**6. Let s(u) be the third derivative of c(u). What is s(6)?
5
Suppose 0 = -191*y + 201*y - 60. Let t(c) = 6*c**2 + c + 1. Let o be t(-1). Let h(i) = -i**2 + 2*i**2 - i - 2 - o*i - 2. Calculate h(y).
-10
Let g be (-21)/(-12)*(1 + 3). Suppose -g*o + 20 = -22. Let d(u) = 2 - 3 - 4 - 11*u + o. Calculate d(1).
-10
Let m = 601 + -599. Let n(p) = -3*p**2 - 4*p + p**m - 5 - 2*p**2 - p**3 + 20 - 4*p**2. Give n(-7).
-6
Let z = -131 - -270. Let v = 140 - z. Let c(d) = -44*d**3 + 2*d - 1. Calculate c(v).
-43
Let g(o) be the second derivative of -o**4/12 + 5*o**3/6 + 27*o**2/2 + 39*o + 6. Calculate g(9).
-9
Let o(b) = -b**2 + 7*b + 2. Let q = -95 - -194. Suppose q*n = 87*n + 72. Determine o(n).
8
Let l(d) = -d**3 + 11*d**2 - 9*d - 20. Let h be (-10)/50 - ((-92)/10 + 1 + -1). Calculate l(h).
61
Let l(u) be the second derivative of u**3/6 + 9*u**2/2 - 9714*u. Let a = -34 + 19. Give l(a).
-6
Suppose 0 = 5*o - 3*d + 2*d - 522, -110 = -o + 3*d. Suppose -5*b + 39*b = -3536. Let g = b + o. Let l(w) = -w**2 - 4. Calculate l(g).
-4
Let u be (56/(-168))/((2 - 1)/15) - -5. Let k(o) = o. Calculate k(u).
0
Let i(v) = 22*v**2 + v - 28. Let l(z) = -5*z**2 + 7. Let w(o) = -2*i(o) - 9*l(o). Suppose -3*y = -5*j + 31, 4*j + 0*j + y - 18 = 0. Calculate w(j).
8
Let q(c) be the second derivative of -8*c**3/3 + 14*c**2 + c + 1502. Determine q(3).
-20
Let f(c) be the second derivative of -c**3/6 + c**2 + 97*c. Let j(p) = 2*p - 4. Let n be 4/6 + (-22)/6. Let l(d) = n*j(d) - 5*f(d). Calculate l(-6).
8
Let y(k) be the second derivative of k**5/20 + k**4/6 - k**3/2 - k**2/2 - 6*k + 269. Calculate y(0).
-1
Let p = 13954 - 13953. Let q(j) = -j - 4. Give q(p).
-5
Suppose -28 = 97*n - 83*n. Let t be ((-12)/n)/(-1) + (-23 - -23). Let a(b) = b**3 + 6*b**2 + 2*b + 19. Determine a(t).
7
Let b = 499 + -849. Let z = 357 + b. Let g(l) = -2*l + 15. Determine g(z).
1
Let h(p) = p**2 - 23*p + 145. Suppose 5*o = -2*a + 53, -33*a = 3*o - 34*a - 45. Give h(o).
15
Suppose 0 = 2*l + y - 7, -6*y + 2*y = 5*l - 16. Let a(h) = h**3 - 4*h**2 + 4*h + 4. Calculate a(l).
20
Suppose 39 - 43 = t, -4*t = -5*f + 26. Let x(y) = y**3 - 3*y**2 + y. What is x(f)?
-2
Let l = -171 + 179. Let v(i) = -i - l + 4*i + 12. What is v(-4)?
-8
Let l(t) = -25*t + 119 - 121 + 6. Give l(5).
-121
Let t(s) = 6877 - 6838 + 2*s - 5*s. What is t(0)?
39
Let h(t) = 7*t**2 - 5*t + 2. Suppose